{"id":343,"date":"2019-12-23T20:07:06","date_gmt":"2019-12-23T20:07:06","guid":{"rendered":"http:\/\/fincaellance.com\/?page_id=343"},"modified":"2025-02-20T19:33:07","modified_gmt":"2025-02-20T19:33:07","slug":"casa-de-invitados","status":"publish","type":"page","link":"https:\/\/fincaellance.com\/?page_id=343","title":{"rendered":"Casita de invitados"},"content":{"rendered":"\n<p>Casa de invitados en medio del bosque, m\u00e1xima privacidad con terraza con mobiliario de exterior, hamacas, mesa, sillas y una barbacoa con toda la le\u00f1a necesaria para disfrutar de unos d\u00edas en la naturaleza. <\/p>\n\n\n\n<figure class=\"wp-block-image\"><img decoding=\"async\" loading=\"lazy\" width=\"800\" height=\"530\" src=\"http:\/\/fincaellance.com\/wp-content\/uploads\/2019\/12\/casa_gran_canaria_firgas_gc0022_636197637641905674.jpg.png\" alt=\"\" class=\"wp-image-344\" srcset=\"https:\/\/fincaellance.com\/wp-content\/uploads\/2019\/12\/casa_gran_canaria_firgas_gc0022_636197637641905674.jpg.png 800w, https:\/\/fincaellance.com\/wp-content\/uploads\/2019\/12\/casa_gran_canaria_firgas_gc0022_636197637641905674.jpg-300x199.png 300w, https:\/\/fincaellance.com\/wp-content\/uploads\/2019\/12\/casa_gran_canaria_firgas_gc0022_636197637641905674.jpg-768x509.png 768w\" sizes=\"(max-width: 767px) 89vw, (max-width: 1000px) 54vw, (max-width: 1071px) 543px, 580px\" \/><figcaption class=\"wp-element-caption\"> <\/figcaption><\/figure>\n\n\n\n<p>Dos dormitorios dobles con camas individuales, un ba\u00f1o con ducha (incluye secador de pelo), cocina completamente equipada, sal\u00f3n-comedor con televisi\u00f3n plana y sistema de sonido con CD, plancha, radiadores el\u00e9ctricos, estufa de le\u00f1a y aire acondicionado.<\/p>\n\n\n\n<figure class=\"wp-block-image\"><img decoding=\"async\" loading=\"lazy\" width=\"1024\" height=\"683\" src=\"http:\/\/fincaellance.com\/wp-content\/uploads\/2019\/12\/IMG_4136-1024x683.jpg\" alt=\"\" class=\"wp-image-355\" srcset=\"https:\/\/fincaellance.com\/wp-content\/uploads\/2019\/12\/IMG_4136-1024x683.jpg 1024w, https:\/\/fincaellance.com\/wp-content\/uploads\/2019\/12\/IMG_4136-300x200.jpg 300w, https:\/\/fincaellance.com\/wp-content\/uploads\/2019\/12\/IMG_4136-768x512.jpg 768w\" sizes=\"(max-width: 767px) 89vw, (max-width: 1000px) 54vw, (max-width: 1071px) 543px, 580px\" \/><\/figure>\n\n\n\n<p><\/p>\n\n\n\n<figure class=\"wp-block-image size-large\"><img decoding=\"async\" loading=\"lazy\" width=\"4032\" height=\"2688\" src=\"http:\/\/fincaellance.com\/wp-content\/uploads\/2025\/02\/IMG_4160_bluesky-copy-4032x2688.jpg\" alt=\"\" class=\"wp-image-492\" srcset=\"https:\/\/fincaellance.com\/wp-content\/uploads\/2025\/02\/IMG_4160_bluesky-copy-4032x2688.jpg 4032w, https:\/\/fincaellance.com\/wp-content\/uploads\/2025\/02\/IMG_4160_bluesky-copy-600x400.jpg 600w, https:\/\/fincaellance.com\/wp-content\/uploads\/2025\/02\/IMG_4160_bluesky-copy-768x512.jpg 768w, https:\/\/fincaellance.com\/wp-content\/uploads\/2025\/02\/IMG_4160_bluesky-copy-1536x1024.jpg 1536w, https:\/\/fincaellance.com\/wp-content\/uploads\/2025\/02\/IMG_4160_bluesky-copy-2048x1365.jpg 2048w\" sizes=\"(max-width: 767px) 89vw, (max-width: 1000px) 54vw, (max-width: 1071px) 543px, 580px\" \/><\/figure>\n","protected":false},"excerpt":{"rendered":"<p>Casa de invitados en medio del bosque, m\u00e1xima privacidad con terraza con mobiliario de exterior, hamacas, mesa, sillas y una barbacoa con toda la le\u00f1a necesaria para disfrutar de unos d\u00edas en la naturaleza. Dos dormitorios dobles con camas individuales, un ba\u00f1o con ducha (incluye secador de pelo), cocina completamente equipada, sal\u00f3n-comedor con televisi\u00f3n plana &hellip; <\/p>\n<p class=\"link-more\"><a href=\"https:\/\/fincaellance.com\/?page_id=343\" class=\"more-link\">Continue reading<span class=\"screen-reader-text\"> &#8220;Casita de invitados&#8221;<\/span><\/a><\/p>\n","protected":false},"author":1,"featured_media":0,"parent":0,"menu_order":0,"comment_status":"closed","ping_status":"closed","template":"","meta":[],"_links":{"self":[{"href":"https:\/\/fincaellance.com\/index.php?rest_route=\/wp\/v2\/pages\/343"}],"collection":[{"href":"https:\/\/fincaellance.com\/index.php?rest_route=\/wp\/v2\/pages"}],"about":[{"href":"https:\/\/fincaellance.com\/index.php?rest_route=\/wp\/v2\/types\/page"}],"author":[{"embeddable":true,"href":"https:\/\/fincaellance.com\/index.php?rest_route=\/wp\/v2\/users\/1"}],"replies":[{"embeddable":true,"href":"https:\/\/fincaellance.com\/index.php?rest_route=%2Fwp%2Fv2%2Fcomments&post=343"}],"version-history":[{"count":9,"href":"https:\/\/fincaellance.com\/index.php?rest_route=\/wp\/v2\/pages\/343\/revisions"}],"predecessor-version":[{"id":493,"href":"https:\/\/fincaellance.com\/index.php?rest_route=\/wp\/v2\/pages\/343\/revisions\/493"}],"wp:attachment":[{"href":"https:\/\/fincaellance.com\/index.php?rest_route=%2Fwp%2Fv2%2Fmedia&parent=343"}],"curies":[{"name":"wp","href":"https:\/\/api.w.org\/{rel}","templated":true}]}}